 remainder when 38 is divided by b(-4).
3
Suppose -3 = -5*g - 3. Suppose 4*b - 326 + 82 = g. Let z = b - 43. Calculate the remainder when 67 is divided by z.
13
Let z(c) = 7*c**3 - c**2 + c + 3. Let p be z(-1). Calculate the remainder when 166 is divided by (105/9)/((-2)/p).
26
Let t = -6978 - -8207. What is the remainder when 1238 is divided by t?
9
Let w(g) = 37*g**2 - 92*g + 5. Calculate the remainder when 93 is divided by w(3).
31
Let l = 48 - 39. Suppose -5*d = -3*s - l, s - 14 = -0*s - 4*d. Calculate the remainder when 3 - (-1)/s*38 is divided by 5.
2
Let y = -37190 + 37255. What is the remainder when 6889 is divided by y?
64
Let f(y) = 163*y - 981. What is the remainder when f(9) is divided by 6?
0
Let i(a) = 2*a**2 - 3*a - 15. Let o be i(7). Suppose -13*h - 160 = -9*h. Let v = h + o. What is the remainder when v is divided by 6?
4
Suppose -5*m - 4*g + 187 = -85, 0 = -2*m + 2*g + 116. Let h = 145 + -115. What is the remainder when m is divided by h?
26
Suppose -6*z + z = a - 66, 4*z - 44 = -3*a. Let j(f) = f**2 - 5*f - 55. Calculate the remainder when j(z) is divided by 22.
5
Let s(h) = h**2 - h + 207. Let n(j) = 325*j**2 - 293*j + 10. Calculate the remainder when s(0) is divided by n(1).
39
Suppose 4*i + 35 + 45 = 0. Let g = i + 24. Calculate the remainder when 8 is divided by g.
0
Calculate the remainder when 6238 is divided by (-40)/3*-48*27/540.
30
Let q(y) = -y**2 + 14*y - 7. Let k(n) = 37*n - 44. What is the remainder when k(10) is divided by q(8)?
39
Let y = -245 + 260. Suppose -4*s + 5*r + y = 0, -5*s + 0*r + 24 = -r. Calculate the remainder when 129 is divided by s.
4
Suppose -133*y + 32470 = 14*y + 23*y. What is the remainder when 694 is divided by y?
121
Suppose 78*g = 4214 + 2182. What is the remainder when 359 is divided by g?
31
Let j = 9061 - 9012. What is the remainder when 1027 is divided by j?
47
Suppose 0 = -5*f - 3*u + 2993, 2*u = -5*f - 0*u + 2992. Let o = -556 + f. What is the remainder when 104 is divided by o?
20
Let k = 35 - -239. Let s = -270 + k. Calculate the remainder when 10/3 - 4/(-6) is divided by s.
0
Suppose 312*a - 339*a = -2619. What is the remainder when 314 is divided by a?
23
Let i(d) be the second derivative of -d**3/6 + 69*d**2/2 - 163*d. Calculate the remainder when 123 is divided by i(2).
56
Let s = -7719 + 8452. What is the remainder when 2210 is divided by s?
11
Let o = 5683 - 5445. Calculate the remainder when o is divided by (-6)/21 - 510/(-21).
22
Let n(d) = 3*d**3 - 4*d**2 + 294*d - 909. Suppose -4*g - 967 = -3*k, -3*k - 2*g - 3*g = -931. Calculate the remainder when k is divided by n(3).
11
Let d(i) = 7*i**2 - 19*i + 190. What is the remainder when d(7) is divided by 199?
2
Let o(c) = c**2 - 10*c + 21. Let j = -63 + 71. Let x be o(j). Suppose z = -4*z - 5*g + 60, x*z - 5*g - 40 = 0. What is the remainder when 48 is divided by z?
8
Let g = 119 - 70. Let f be ((-24)/(-20))/((-4)/(-40)). What is the remainder when g is divided by -5 - f*4/(-2)?
11
Suppose -48*y + 103*y - 235 = 8*y. What is the remainder when 3777 is divided by y?
2
Suppose -14 = -5*j + b + 9, -j - 1 = -3*b. Let m(t) = 57*t - 273. What is the remainder when m(6) is divided by j?
4
Let i be 66/(-10) + (-4)/(60/(-9)). Calculate the remainder when -5*(i/(-10))/((-2)/46) is divided by 30.
9
Let j(a) = 2*a**3 - 7*a**2 - 2*a - 6. Let x be j(4). Suppose 40 - 7 = 5*b + r, r = x*b - 16. What is the remainder when 11 is divided by b?
4
Let h be (-14)/(-105) + 1254/45. Suppose -334 = -30*m + h*m. What is the remainder when m is divided by 13?
11
Let j(b) = -b**3 + 11*b**2 - 11*b + 10. Let t be j(10). Suppose 0 = k - t*k, 2*v - 358 = -5*k. What is the remainder when v is divided by -3*(2 + 1*-17)?
44
Let y(g) = -g + 25. Let h be y(-15). Calculate the remainder when 147/2*2/3 is divided by (-4)/(-14) - (-7 + h/(-7)).
10
Suppose -1469 = 4*o - 5*o + 4*u, 3*o - 2*u = 4447. Let w = o - 1428. What is the remainder when 1104/10 - 4/10 is divided by w?
53
Suppose -11 = -s + 9. What is the remainder when (-58208)/9416*(-11)/2 is divided by s?
14
Let k be (5 + -3 - 1) + 1*-1. Suppose k = 4*p + 4 - 32. Let n(c) = 4*c - 10. What is the remainder when n(p) is divided by 7?
4
Let q = 1374 + -1379. Calculate the remainder when q - (-41 - (-2 - -12)) is divided by 34*1/(-2)*-1.
12
What is the remainder when 738 is divided by 1260/490 + 740/28?
13
Let b(f) = -f**2 - 24*f - 36. Let d be 6/(-36)*-6 - 5*5. Let t be b(d). Let l = t + 47. Calculate the remainder when 30 is divided by l.
8
Suppose -39*z - 33*z = -8959 - 5801. Calculate the remainder when z is divided by 61.
22
Let l = -504 + 728. What is the remainder when 3350 is divided by l?
214
Suppose -5*m + 6*t = -289, 108 = m + 5*t + 44. What is the remainder when 646 is divided by m?
56
Let a(i) be the first derivative of -19*i**2/2 - 64*i - 30. What is the remainder when a(-7) is divided by 14?
13
Let j = 5592 + -5319. Calculate the remainder when j is divided by 145.
128
Suppose 6*d + 82 = 5*v + 3*d, 69 = 4*v + d. Let i(l) = -l**2 + 31*l - 72. What is the remainder when i(26) is divided by v?
7
Suppose 43 = 9*g + 7. Suppose 22 + 70 = g*q. What is the remainder when q is divided by 13?
10
Let s be (-1)/((2/(-108))/((-11)/33)). What is the remainder when 2 is divided by (s/8)/3 + 143/52?
0
Suppose -5*b + 155 = -2*f, -190 = -5*b - 8*f + 3*f. Let c = 84 + -98. Calculate the remainder when b is divided by 46/4 - (-21)/c.
3
Suppose -1198 = -34*v + 5582 - 354. What is the remainder when v is divided by 48?
45
Let o be (2 - -1)/(12/4)*685. Suppose -5*l + o = -3*p, 2*p - 3*l = -184 - 272. Let u = p + 385. Calculate the remainder when u is divided by 23.
22
Let z be (-6)/21 - (-216)/21*29. Let s = z - 176. Calculate the remainder when s is divided by 25.
22
Let d(h) = -2*h**2 - 15*h + 19. Let r(k) = -k**2 - 8*k + 10. Let f(a) = -3*d(a) + 5*r(a). Calculate the remainder when 39 is divided by f(-7).
4
Let g = -39 + 80. Suppose 0*a + 10 = a - 5*h, -3*a + g = -4*h. Calculate the remainder when 1465/9 - (-6)/27 is divided by a.
13
Suppose 2*s + 325 = 13*s + 14*s. Let j be (3/(-2))/((-9)/24). Suppose -j*t + r = -6*t + 68, -3*t + 124 = -4*r. Calculate the remainder when t is divided by s.
10
Suppose -8*o + 3*o - 182 = -3*g, -2*o + 4 = 0. Suppose 2*t + u + g = 3*t, -3*u = -9. Let x = -25 - -44. Calculate the remainder when t is divided by x.
10
Let l(g) = 2*g**2 - 62*g + 239. Calculate the remainder when 1654 is divided by l(4).
21
Suppose -2153 = -7*y + 542. Let w = y + -362. Let z = 94 - 3. What is the remainder when z is divided by w?
22
Let u(h) = h**2 - 42*h - 88. Let n be u(41). Let k = n - -187. What is the remainder when 635 is divided by k?
55
Let k = -13 + 35. Let j(d) = -d + 52. Let s be j(k). Calculate the remainder when 5/s*(34 - 4) is divided by 4.
1
Let y(w) = -w**3 + 20*w**2 - 22*w - 48. Calculate the remainder when y(13) is divided by 105.
9
Let q(t) = -t**2 - 41*t + 417. What is the remainder when q(8) is divided by 4?
1
Let s = 5771 - 5173. Calculate the remainder when s is divided by 12.
10
Let k(w) = 4*w**3 - 7*w**2 + 9*w - 13. Let y be k(4). Let q = 202 - y. What is the remainder when -1*(1 + -2)*68 is divided by q?
33
Let d = -188 - -74. Let i(j) = -12*j**2 + j - 2. Let l be i(-3). Let a = l - d. What is the remainder when a is divided by 1?
0
Let x(z) = z**3 - 6*z**2 + 4*z + 5. Let w(n) = 10*n**2 - 21*n + 9. Let d be w(2). Calculate the remainder when 571 is divided by x(d).
79
Let w(g) = g**2 - 6*g + 8. Let h be w(4). Suppose h = 3*v + 253 - 364. Calculate the remainder when v is divided by 10.
7
Let i = -8 + 23. Let s(g) = 25*g - 7. Let p(z) = -z**2 + z + 11. Let x(c) = -2*p(c) - s(c). Calculate the remainder when x(i) is divided by 16.
14
Let y(w) = 30*w**2 - w. Let h(n) = n**2 - 21*n + 19. Suppose -7*f + 50 + 90 = 0. Let l be h(f). What is the remainder when y(l) is divided by 17?
14
Let m(r) = r**2 + 10*r - 94. What is the remainder when 474*4/(96/20) is divided by m(7)?
20
Suppose a + 172*q - 170*q - 215 = 0, -5*a + q = -1053. Calculate the remainder when a is divided by 25.
11
Suppose 25*n = 29*n - h - 5397, -9*n = -h - 12142. Calculate the remainder when n is divided by 31.
16
Let n(a) = 4*a + 57. Suppose -3*t - 44 = -5. Let f be n(t). Suppose 0 = f*x - 5 - 45. Calculate the remai